?
17
Calculate the remainder when 2228780 is divided by 29326.
4
Calculate the remainder when 152984 is divided by 38221.
100
What is the remainder when 823689 is divided by 823599?
90
Calculate the remainder when 24468 is divided by 7899.
771
What is the remainder when 2195139 is divided by 10?
9
Calculate the remainder when 804162 is divided by 2812.
2742
Calculate the remainder when 271667 is divided by 4361.
1285
Calculate the remainder when 3425446 is divided by 1712705.
36
Calculate the remainder when 7095992 is divided by 178.
22
What is the remainder when 445722 is divided by 1014?
576
What is the remainder when 49241278 is divided by 55?
53
What is the remainder when 168171220 is divided by 5833?
5830
Calculate the remainder when 481255 is divided by 60111.
367
Calculate the remainder when 65936 is divided by 21962.
50
Calculate the remainder when 2407068 is divided by 61719.
27
What is the remainder when 11140275 is divided by 23804?
3
What is the remainder when 1386331 is divided by 51344?
43
Calculate the remainder when 939389 is divided by 4270.
4259
What is the remainder when 489618 is divided by 293?
15
What is the remainder when 1734275 is divided by 48174?
11
What is the remainder when 21896119 is divided by 52889?
73
Calculate the remainder when 3747877 is divided by 759.
694
What is the remainder when 33409203 is divided by 4?
3
Calculate the remainder when 14717677 is divided by 553.
135
Calculate the remainder when 252605 is divided by 10510.
365
Calculate the remainder when 8604352 is divided by 30297.
4
Calculate the remainder when 3275845 is divided by 348.
121
Calculate the remainder when 43258 is divided by 1989.
1489
Calculate the remainder when 37116 is divided by 682.
288
Calculate the remainder when 13103335 is divided by 189.
154
Calculate the remainder when 2207767 is divided by 106.
105
Calculate the remainder when 3310839 is divided by 943.
909
What is the remainder when 464879530 is divided by 13?
11
What is the remainder when 50900534 is divided by 3282?
3278
What is the remainder when 11803 is divided by 3243?
2074
Calculate the remainder when 43426 is divided by 7228.
58
Calculate the remainder when 294676 is divided by 22566.
1318
What is the remainder when 491935 is divided by 163974?
13
What is the remainder when 10201287 is divided by 679?
670
Calculate the remainder when 6721 is divided by 5899.
822
Calculate the remainder when 3321425 is divided by 106.
21
Calculate the remainder when 561828 is divided by 5675.
3
What is the remainder when 6673246 is divided by 16?
14
What is the remainder when 532057 is divided by 531935?
122
Calculate the remainder when 44357373 is divided by 142171.
21
Calculate the remainder when 11525388 is divided by 43990.
8
What is the remainder when 27661583 is divided by 51?
50
Calculate the remainder when 91170 is divided by 30333.
171
Calculate the remainder when 8034261 is divided by 136.
61
What is the remainder when 333065 is divided by 3179?
2449
Calculate the remainder when 667919 is divided by 8452.
211
Calculate the remainder when 63157 is divided by 1007.
723
What is the remainder when 44921 is divided by 44632?
289
What is the remainder when 2195534 is divided by 731805?
119
What is the remainder when 198971607 is divided by 5684903?
2
What is the remainder when 107615024 is divided by 3675?
3674
Calculate the remainder when 162310 is divided by 54034.
208
Calculate the remainder when 22703299 is divided by 230.
229
What is the remainder when 3995193 is divided by 697?
686
What is the remainder when 6614589 is divided by 194546?
25
Calculate the remainder when 9224304 is divided by 182.
180
What is the remainder when 3308 is divided by 377?
292
Calculate the remainder when 766333 is divided by 3016.
269
Calculate the remainder when 120629784 is divided by 34.
28
What is the remainder when 5790420 is divided by 77205?
45
Calculate the remainder when 4807488 is divided by 2403691.
106
Calculate the remainder when 15499874 is divided by 1394.
1382
What is the remainder when 52857625 is divided by 134?
119
What is the remainder when 35730462 is divided by 10669?
10650
Calculate the remainder when 219999 is divided by 205.
34
Calculate the remainder when 2209 is divided by 84.
25
Calculate the remainder when 607681 is divided by 303606.
469
Calculate the remainder when 52505 is divided by 6558.
41
Calculate the remainder when 1280670 is divided by 360.
150
Calculate the remainder when 5890388 is divided by 196.
0
What is the remainder when 12365751 is divided by 441631?
83
Calculate the remainder when 6067242 is divided by 13.
12
Calculate the remainder when 4107443 is divided by 301.
298
What is the remainder when 658475 is divided by 141?
5
What is the remainder when 45895177 is divided by 942?
937
Calculate the remainder when 1543598 is divided by 40621.
0
What is the remainder when 2287677 is divided by 285940?
157
What is the remainder when 21791100 is divided by 218?
38
Calculate the remainder when 52746319 is divided by 11.
10
Calculate the remainder when 15063 is divided by 153.
69
What is the remainder when 239472 is divided by 236?
168
Calculate the remainder when 13292815 is divided by 13292803.
12
Calculate the remainder when 1244672 is divided by 22.
0
What is the remainder when 654262 is divided by 218027?
181
Calculate the remainder when 1069801 is divided by 310.
301
Calculate the remainder when 25121 is divided by 4250.
3871
What is the remainder when 3902592 is divided by 1215?
12
What is the remainder when 44661979 is divided by 44?
43
What is the remainder when 592551 is divided by 592495?
56
What is the remainder when 1127333139 is divided by 375777711?
6
Calculate the remainder when 30269025 is divided by 553.
17
What is the remainder when 2243211 is divided by 246?
183
Calculate the remainder when 6170472 is divided by 1484.
0
What is the remainder when 6206131 is divided by 9389?
2
What is the remainder when 2064520 is divided by 988?
588
Calculate the remainder when 293147 is divided by 18321.
11
Calculate the remainder when 2070671 is divided by 517585.
331
Calculate the remainder when 3812647 is divided by 88664.
95
Calculate the remainder when 137595 is divided by 27350.
845
Calculate the remainder when 426294 is divided by 114.
48
What is the remainder when 246298 is divided by 7454?
316
What is the remainder when 34938152 is divided by 3213?
3203
What is the remainder when 12232729 is divided by 2038785?
19
What is the remainder when 212900343 is divided by 52659?
6
What is the remainder when 1258787 is divided by 18714?
4949
What is the remainder when 1039181 is divided by 1039155?
26
Calculate the remainder when 1952319 is divided by 650655.
354
What is the remainder when 860074 is divided by 29?
21
Calculate the remainder when 40363339 is divided by 1187157.
1
What is the remainder when 11627706 is divided by 581377?
166
What is the remainder when 5351 is divided by 958?
561
What is the remainder when 3942222 is divided by 328496?
270
Calculate the remainder when 7592395 is divided by 720.
715
Calculate the remainder when 589414 is divided by 13707.
13
What is the remainder when 58162 is divided by 6012?
4054
Calculate the remainder when 319631 is divided by 1062.
1031
Calculate the remainder when 42363939 is divided by 37.
12
Calculate the remainder when 6464554 is divided by 2254.
82
Calculate the remainder when 10184645 is divided by 2337.
2336
Calculate the remainder when 84285 is divided by 11627.
2896
What is the remainder when 734776 is divided by 741?
445
What is the remainder when 402765 is divided by 30979?
38
Calculate the remainder when 523571 is divided by 1270.
331
What is the remainder when 454059 is divided by 56?
11
Calculate the remainder when 47144615 is divided by 16.
7
What is the remainder when 7406169 is divided by 95?
64
Calculate the remainder when 858599 is divided by 540.
539
What is the remainder when 55816679 is divided by 2426812?
3
What is the remainder when 6079516 is divided by 512?
28
Calculate the remainder when 3152484 is divided by 131293.
1452
What is the remainder when 19755731 is divided by 548768?
83
Calculate the remainder when 206216246 is divided by 919.
917
Calculate the remainder when 